ative of 5*n**4/24 + n**3/2 + 3*n**2. Let x be a(-9). Let p = x - -97. Is p a prime number?
False
Let i be (-2)/(-8) + (-177)/(-12). Let n = 30 - i. Is n a prime number?
False
Let d = 55 + -20. Is 0 + (-6)/3 + d prime?
False
Suppose 308 = 2*p - 3*a + 66, 0 = 3*p - a - 356. Is p prime?
False
Is 68103/153 - 3/((-51)/(-2)) composite?
True
Is 2/13 + 186462/234 composite?
False
Let s = 12 - 7. Let o = -10 + 13. Suppose -o*m + 4*m = t + 84, -s*m = 3*t - 380. Is m a prime number?
True
Let q(g) = 2*g**2 - 9*g + 2. Is q(13) composite?
False
Let y(k) = k**3 + 0*k + 2 - 7*k**2 + 2*k + k**3. Let d = 10 - 5. Is y(d) prime?
False
Suppose -2*a + 56 = -622. Is a a prime number?
False
Suppose 4*q + 1 = -4*j - 3, -j + 24 = -4*q. Suppose -4*z + 3*i + 233 = -0*i, -5*z + j*i + 291 = 0. Is z prime?
True
Let p = -599 + 1037. Suppose 3*d + 3*w + 208 = -320, 5*d = 4*w - 853. Let q = d + p. Is q a prime number?
False
Is ((-10)/45 + (-7358)/18)*-1 prime?
True
Let b = 562 + -300. Let t = b + -113. Suppose r = -0*r + t. Is r a prime number?
True
Is 5/(-2)*(10 + -2876) a composite number?
True
Let c = -3 - -5. Suppose c*g - 119 = -3*h, 6*h = 3*g + 3*h - 156. Is g a prime number?
False
Let f = 435 - 258. Is f prime?
False
Let j(f) be the first derivative of -f**5/30 + 7*f**4/24 - f**3 - 1. Let d(v) be the third derivative of j(v). Is d(-6) composite?
False
Let y(d) = -1 - 2 - 3 + 3*d. Let n be y(5). Suppose -3*v - n = 0, 5*p - 2*v + 5*v = 86. Is p composite?
False
Suppose 0 = -3*i + i. Suppose i = 4*s - 9*s. Suppose s = -4*r + 2*r + 406. Is r prime?
False
Let u be 2 + (-3 - -2*3). Let l be 6/9*60/2. Suppose -3*x = -x + 4*h - 438, -l = -u*h. Is x composite?
False
Let t be 3/(27/(-6))*-471. Suppose 5*m = 3*m + t. Is m composite?
False
Let u = -276 + 947. Is u a composite number?
True
Suppose -4*m - 215 - 769 = -4*t, 0 = 3*t - 4*m - 733. Is t composite?
False
Suppose 4*n - 2*s + 121 = s, n + 2*s = -22. Is ((-16)/n)/((-6)/(-399)) composite?
True
Let w be ((-2)/(-3))/(14/5586). Suppose 3*t = t + w. Is t a composite number?
True
Let u be -2 + -1 + (-112)/4. Let z = 120 + u. Is z a composite number?
False
Let p be (8/(-5))/((-2)/(-10)). Let o(i) = -i**3 - 8*i**2 + i - 2. Let d be o(p). Is 220/25 - 2/d a prime number?
False
Let n(d) = -335*d + 2. Let w be n(-2). Suppose -5*f = -3*i - w, 0*i - 272 = -2*f - 2*i. Suppose -1 = -4*y + 4*q + 199, 2*y = -5*q + f. Is y prime?
False
Suppose 417 + 723 = 3*a - d, 5*a = 3*d + 1904. Is a a prime number?
True
Let l be 9 - (-6 + 6/2). Suppose -6*q + q + 28 = 2*r, -l = -4*r + q. Is r - 3 - -28 - -2 a prime number?
True
Let w(g) = 3*g**3 + 4*g**2 + 5. Is w(6) composite?
False
Let i(m) = m**2 - 12*m + 67. Is i(12) a prime number?
True
Let t be (-104)/(-3) - (-4)/12. Suppose -97 = -2*w + t. Let f = w + -47. Is f prime?
True
Let s = 17 - 17. Is 2/(-4)*(s + -138) a composite number?
True
Suppose 5*y - 3*t - 33 = -t, 4*t = -3*y - 1. Suppose y*k + 4*a - 2241 = 0, 2*a + 1352 = 3*k - 3*a. Is k composite?
False
Let z be 6/10 - 891/(-15). Suppose 2*t = -5*p + z, 3*t = -0*p - 3*p + 27. Is p prime?
False
Let g = 136 + 75. Is g a composite number?
False
Suppose 0 = -3*v + 5*k + 1403, v = -4*v + k + 2353. Is v a prime number?
False
Let c(t) = -t**3 - 8*t**2 - 12*t + 13. Is c(-9) prime?
False
Suppose -4*h + 5*l + 36 = 0, 5*h + 4*l - 5*l = 24. Suppose 0 = -0*p - h*p. Suppose -4*v + 2*r + 330 = p, -3*v - 5*r + 150 = -104. Is v prime?
True
Let c(b) = 12*b - 2. Let d be c(9). Let f = 161 - d. Suppose -5*z + f = 5. Is z a prime number?
False
Let z be (-4)/(-18) + (-4)/18. Let c(u) = 14 + 21 - 2*u + u + 16. Is c(z) a prime number?
False
Let l = -8 - -27. Suppose -86 = -3*x + 3*h + l, 2*x + 3*h - 80 = 0. Is x a prime number?
True
Suppose 0 = -4*a + 2*a + 4. Suppose 0*w + 370 = a*w. Is w a prime number?
False
Let j = 31 + 79. Let d = j - 41. Is d prime?
False
Let j = -11 - -15. Suppose j + 8 = 4*i. Suppose -p - i*p = -76. Is p composite?
False
Let a = 37 - -19. Let s = -366 + a. Is (0 - -1)/((-5)/s) composite?
True
Let d(i) = -i**2 - 6*i + 4. Let q(r) = 2*r**2 + 11*r - 7. Let b(z) = -11*d(z) - 6*q(z). Let y(c) = c + 1. Let m(t) = -b(t) - 4*y(t). Is m(5) a composite number?
False
Let p(d) = 133*d**2 - 4*d + 5. Is p(2) a composite number?
True
Let x(k) = 21*k**2 + 19*k + 7. Is x(-6) a composite number?
True
Suppose 3*k - 1 = -4. Let v(i) = -95*i**3 + i**2 - 1. Is v(k) prime?
False
Suppose 4*c - k - 2197 = 5358, -3*c + 5663 = -4*k. Is c a prime number?
True
Let o = -49 + 72. Let q = -13 + 43. Suppose -o = -u + q. Is u a composite number?
False
Suppose 16 = -3*p + 5*i, 0*i = i - 5. Suppose -5*k = -5*w - 75, -3*k - w + 58 = -p. Suppose -j - 3*t = -k, -3*j + 0*j + t + 37 = 0. Is j prime?
True
Let b(g) = 21*g**2 + 9*g + 5. Let c(w) = -w**3 - 7*w**2 + w + 1. Let q be c(-7). Is b(q) prime?
False
Is (5 + -3)/((-2)/(-307)) a composite number?
False
Let g(r) = -50*r**3 - 2*r**2 - r + 1. Is g(-2) a composite number?
True
Let n(i) = -2*i - 4. Let c be ((-6)/(-4))/((-2)/(-4)). Let b be n(c). Is (8/b)/((-4)/50) a composite number?
True
Let a = 947 + -525. Is a a composite number?
True
Let c be (-2)/8 - (-258)/8. Suppose l = c - 4. Is (l/6)/(14/105) composite?
True
Let b(s) be the second derivative of s**4/12 + s**2 - 2*s. Suppose 2*f + 0*u - 5*u + 11 = 0, 2*f + 2 = 2*u. Is b(f) prime?
False
Suppose 1 = -0*y + y - 3*d, 4*y - 2*d - 34 = 0. Suppose -y = -3*n + a + 5, 0 = -a. Suppose n*t = -47 + 312. Is t composite?
False
Suppose 4*o = o + 9. Suppose w + o*w = 452. Is w composite?
False
Let w = 2501 + -1350. Is w a composite number?
False
Let t = 274 - 83. Is t a composite number?
False
Suppose -11 - 9 = -5*t. Suppose 0 = -o + t*o - 834. Is o composite?
True
Let j(w) = -w**3 - 10*w - 13. Is j(-6) a prime number?
True
Let d = -344 - -577. Is d a prime number?
True
Let l = 127 + -42. Is l a composite number?
True
Let n(o) = 201*o - 9. Is n(2) prime?
False
Let z(j) = 13*j**2 - 9*j - 17. Let c be z(9). Suppose c = 7*w - 2*w. Is w a prime number?
True
Let t(i) = -i**2 - 7*i - 1. Let h be t(-6). Let l(y) = y**2 + 5*y + 5. Let q be l(h). Suppose 0 = 2*o - q + 17. Is o prime?
True
Let t(s) = -s**3 + 9*s**2 - 2*s - 1. Let h be t(8). Suppose h = 4*i + 15. Is 135/36 - 6/i prime?
True
Let z(l) = 120*l + 2. Let k(b) = 60*b + 1. Let q(y) = 5*k(y) - 3*z(y). Let u be q(1). Let c = u - -116. Is c composite?
True
Let x be (-1)/(31/(-15) - -2). Suppose 4*v + 3*w + 6 = 0, 5*v = -5*w + 5 - x. Suppose 4*z + 7*y + 4 = 3*y, v = 2*z - 3*y - 18. Is z composite?
False
Let x = -1053 - -2296. Is x a prime number?
False
Let w = 73 - 6. Is w a composite number?
False
Let b(j) = j**3 + 9*j**2 - 2*j - 5. Let p(i) = 5*i**2 - i - 3. Let q(d) = 3*b(d) - 5*p(d). Is q(1) a prime number?
False
Let j = 21170 + -9871. Is j a composite number?
False
Let y(n) = n**3 + 8*n**2 + 11*n + 5. Is y(9) composite?
False
Suppose 4*c + 4*n + 44 = 0, 4*n = n - 12. Let h = c + 18. Is h a prime number?
True
Let g(v) = 133*v - 88. Is g(15) a prime number?
True
Suppose 0 = -4*u + 3*y + 23, -u - 5*y - 29 = -3*u. Suppose -3*i = -u*i + 219. Let w = -154 - i. Is w a prime number?
False
Suppose -i + 3*f + 1 - 11 = 0, 50 = -3*i + 5*f. Let q = 44 + i. Is q prime?
True
Let m = -538 + 795. Is m a prime number?
True
Let g(p) = p**2 + 3*p + 381. Is g(0) a composite number?
True
Is ((-1776)/(-40))/(6/15) composite?
True
Let t = -33 + 55. Is t a prime number?
False
Suppose 4*z - 515 = 397. Let w = z - 137. Suppose -w = 3*i - 4*i. Is i a composite number?
True
Suppose 0 = -2*k - 6, 0 = 3*q - 5*k - 309 - 339. Is q a prime number?
True
Let g(i) = 2 - i**3 - 2*i**2 + 0 + 0. Let y = 5 + -9. Is g(y) prime?
False
Let g be (6/(-2))/6*-8. Suppose -5*a = g + 11. Let y = 52 + a. Is y a composite number?
True
Let o be 2/3 - (-4)/3. Let a(q) = 20*q**2 - 4*q - 1. Let m be a(-3). Suppose 3*t = o*t + m. Is t composite?
False
Suppose 0*x - o = -3*x + 8, 3*o + 8 = 5*x. Suppose -p + 10 = x*p. Is p a composite number?
False
Let n(w) = 5*w - 2. Let b = 30 - 19. Is n(b) prime?
True
Let z be (232 - 2)/(-7 + 6). Let v = -109 - z. Is v a prime number?
False
Let m(y) = -y**3 + 10*y**2 - 8*y. Let j be m(9). Let x(l) = -l**2 + 8*l + 12. Let d be x(j). Suppose -46 = -d*i + 23. Is i a composite number?
False
Suppose -5*w + 1701 = -1004. Is w composite?
False
Is ((-2)/(-3))/(16/10056) a